t f(k) = -2*k - 4. Give f(m).
6
Let g(u) = u**2 + 9*u + 3. Let o(k) = 6*k**2 + 45*k + 16. Let n(z) = -11*g(z) + 2*o(z). Determine n(8).
-9
Let h(a) = a**2 + 5*a + 4. Let b = -2 + 3. Let u(d) = -1. Let s(n) = b*h(n) - 2*u(n). Suppose 12 + 208 = -55*j. Give s(j).
2
Suppose -12*a + 4*l - 12 = -8*a, 3*l = -5*a - 7. Let f(k) = -13*k + 1. Calculate f(a).
27
Let d(z) = -14*z**3 + 11*z**2 - 5*z - 18. Let l(t) = 5*t**3 - 4*t**2 + 2*t + 6. Let u(v) = 4*d(v) + 11*l(v). Let j be u(0). Let w(o) = 2*o + 3. Determine w(j).
-9
Let p(l) = 2*l**2 - 3*l + 1. Let z = -4 + 23. Let n = z - 25. Let w(r) = 2*r**2 - 3*r + 1. Let h(a) = n*p(a) + 5*w(a). Give h(2).
-3
Let j(o) = 2*o. Suppose 0 = -3*a - 6, -4*s + 36 = -2*a. Suppose -4*k - t - 2 = 0, 4*t - 16 = -s. What is j(k)?
-2
Let k be 6/(-8) + 39/4. Let h(w) = -2*w**3 + 23*w**2 + 13*w - 21. Let v(f) = f**3 - 11*f**2 - 6*f + 10. Let m(a) = k*v(a) + 4*h(a). Calculate m(7).
-8
Let d be 12*((-4)/6 - (-6)/6). Let b(r) be the second derivative of 3/2*r**2 + d*r - 1/2*r**3 - 1/20*r**5 + 0 + 1/4*r**4. Determine b(2).
1
Let t(k) = 3*k + 1. Let j = 15 + -13. Suppose 4*a = -j*y + 22, -10 = 5*a - 5*y - 0*y. Determine t(a).
10
Let l(n) = n - 3554*n**2 + 0*n - 1 + 3555*n**2. Determine l(-2).
1
Let m(z) = z**3 + 7*z**2 + 8*z + 4. Let k be (2 + 0)/(-14) - 451/77. Determine m(k).
-8
Let j be (0/(4 + -14))/1. Let p(n) = 0 + n**2 + 6 + 1 + n**3 - 2*n**2. Calculate p(j).
7
Let b = -18 + 20. Suppose -12 = b*t + 4*t. Let f(j) = -7*j**3 + 7*j**2 - 5*j - 8. Let x(c) = c**3 - c**2 + c + 1. Let l(g) = f(g) + 6*x(g). Give l(t).
8
Let i be -2*((-9)/(-2))/(-3). Let w(c) = -1 + 0 + c - i. Let n = -20586 + 20591. Give w(n).
1
Let m(o) = 2472 - 2465 - 2*o + 6*o. Calculate m(-4).
-9
Let w(u) be the second derivative of -u**3/2 - 7*u**2/2 + 2*u. Let k(t) = -122*t - 1226. Let v be k(-10). Give w(v).
11
Let i be 1/(-2) + 671/(-22). Let n = i - -22. Let f(w) = w**3 + 9*w**2 - 4. Let s be f(n). Let u(r) = r**3 + 3*r**2 - 3*r. Give u(s).
-4
Let u be 90/(-12)*4/(-5). Let n(s) = 5*s**3 + 17*s**2 + 10*s + 1. Let a(p) = 6*p**3 + 19*p**2 + 11*p + 1. Let h(m) = 6*a(m) - 7*n(m). Determine h(u).
11
Suppose 0 = -0*t + 4*t + 24. Let c(w) = -5*w**3 - 7*w**2 - 7*w - 11. Let y(k) = -4*k**3 - 7*k**2 - 7*k - 9. Let s(n) = -3*c(n) + 4*y(n). What is s(t)?
3
Suppose 2*l - 37 = -3*c, -2*l = -l + c - 17. Let p(h) = -h**3 + 13*h**2 + 16*h + 6. What is p(l)?
34
Let a(w) = 15*w**2 - 5*w - 6. Let g(u) = -2*u**2 + u + 1. Let i(y) = -a(y) - 6*g(y). Let o = -40 - -41. Give i(o).
-4
Let z be 0 - (3 - 3 - -2). Let l(t) = -5*t. Calculate l(z).
10
Let y(d) be the second derivative of d**4/6 + 5*d**3/6 - d**2/2 + 30*d. Suppose -8*m + 6*m = 8. Determine y(m).
11
Let d(x) = -7*x**2 + 14*x + 10. Let q(g) = -16*g**2 + 29*g + 22. Let m(z) = -7*d(z) + 3*q(z). Give m(7).
-32
Suppose 3*g - 87 - 3 = 0. Let r = g + -30. Let d(l) = -l + 7 - 4 + l**2 + 5. What is d(r)?
8
Let u = -204 - -197. Let c(t) = 2*t**2 + 16*t + 5. What is c(u)?
-9
Let v(i) = 2*i - 3. Let a be v(4). Let u(m) = m + 3*m + 13*m**2 - 7*m**2 - a*m**2 + 1. Let t = -19 + 15. Calculate u(t).
1
Let k = -285 - -281. Let q(r) = 2*r**3 + 7*r**2 + 4*r - 4. Determine q(k).
-36
Let h(s) = -s**2 + 9*s - 2. Let f = -1003 - -1009. Calculate h(f).
16
Let h(d) = -d + 7. Let a = 81 + -57. Let z = 19 - a. Calculate h(z).
12
Let d(m) = -7*m - 85. Suppose 0 = 15*i - 16*i - 13. Give d(i).
6
Let p(u) be the third derivative of u**4/3 + 31*u**3/6 + 6*u**2. Let t(x) = 13*x + 47. Let h(r) = -8*p(r) + 5*t(r). Give h(7).
-6
Let f(b) = b - 9. Suppose 0 = -3*c + 3*o - 18, o - 3 = -c + 1. Let a(d) = 8*d**3 + d**2 + 2*d + 2. Let x be a(c). Calculate f(x).
-16
Let q(s) = s**2 + 5*s + 1. Let n be q(-4). Let g be (n + -3)*2/(-3). Let d(f) = -f + 5*f**2 - f**2 - 3 + g. Calculate d(1).
4
Let y(n) = n + 3. Let b be 6/10 - 264/(-60). Let g = b - 3. Suppose 0 = -g*c + 7*c. Calculate y(c).
3
Suppose 14 = -4*m + 6*m. Let t(x) be the first derivative of 1/4*x**4 - 2*x - 7/3*x**3 + 0*x**2 + 4. Determine t(m).
-2
Let f be 4 + 0 - (17 - 15). Let d(q) = q**2 - 2. Give d(f).
2
Let f(y) = y**3 + 6*y**2 - 8*y - 10. Let v be f(-7). Let k(g) be the second derivative of g**3/6 + 5*g**2/2 + 13*g. What is k(v)?
2
Suppose 20*s - 22 = 21*s + 5*a, 5*a = -20. Let q(f) = -4*f**3 - f**2 - 2*f + 1. Give q(s).
33
Let k = 11 - 17. Let o(s) = -1098*s + 3 - 11 + 1104*s - 2*s**2 - 3*s**2 + 6*s**2. Give o(k).
-8
Let t(i) be the second derivative of -i**5/20 + 3*i**4/4 - 7*i**3/6 + 7*i**2/2 + 308*i. Calculate t(8).
15
Let l(w) = w**2 + 3*w + 1. Let b(s) = -3*s**2 - 7*s - 2. Let o(d) = -2*b(d) - 5*l(d). Let p = 415 + -412. What is o(p)?
5
Let s(w) = w**2 + 1. Let q(p) = 5*p**2 - 2*p + 3. Let j(l) = -q(l) + 4*s(l). Let i = -4 + 4. Suppose -3 = -o - i*x - x, -o = 3*x - 1. Determine j(o).
-7
Let c(m) be the third derivative of m**5/60 + m**4/3 + 4*m**3/3 + m**2. Let w be (1/(-7))/(((-200)/(-175))/4)*14. Determine c(w).
1
Let j(f) = f - 8. Suppose -76*l = -67*l - 54. Give j(l).
-2
Let q(l) be the second derivative of -l**5/20 + 5*l**4/12 + l**3 - 9*l**2/2 + 49*l. What is q(6)?
-9
Let n(a) = 25*a + 3 + 25*a - 39*a + 12*a. Give n(-2).
-43
Let l(n) = 3*n**2 + 73*n + 68. Let x(a) = -a**2 - 23*a - 22. Let f(o) = 6*l(o) + 19*x(o). Let s = 4 - 1. Suppose s*k - 3 = -4*q + 5, -2 = -q. Give f(k).
-10
Let l(v) = -2*v - 7. Let p(w) = -2*w - 8. Let g(d) = 3*l(d) - 2*p(d). Suppose -40*r + 6 = -41*r. Determine g(r).
7
Let n be (-880)/(-25) - (-1)/(-5). Let v(j) = 1 + n*j + 0 - 36*j. Suppose 3*z = -5*f + 2*z - 29, 0 = 2*z + 8. Give v(f).
6
Let s(z) = z**2 - 2*z - 5. Let y be s(4). Let h(q) = y*q**2 - 4*q**2 - q + 2*q. Let d(l) = -4*l**2 + 6*l + 3. Let r(v) = d(v) - 3*h(v). What is r(3)?
3
Let q(t) = 26*t**3 + 2*t**2 - 1. Let j(g) = 8*g - 12. Let c be j(6). Let h = c + -35. What is q(h)?
27
Let o be (1/3)/((-1)/12). Let t(a) = -7*a**3 - 3*a**2 + 10*a + 10. Let m(d) = -13*d**3 - 6*d**2 + 19*d + 19. Let f(c) = -6*m(c) + 11*t(c). What is f(o)?
-4
Let o(t) = 5*t**3 - 2*t**2 - t - 8. Let h(k) = -4*k**3 + k**2 + 2*k + 7. Let c(j) = 4*h(j) + 3*o(j). Let i = 1115 - 1118. Determine c(i).
-2
Let f(p) be the first derivative of 4/3*p**3 - 1/20*p**5 + 1/4*p**4 + 10 - 11*p - 3*p**2. Let q(u) be the first derivative of f(u). Give q(5).
-16
Let h(z) = -6*z + 3. Let v(u) = 57*u + 3 + 0 - 56*u - 4. Let d(i) = h(i) + 2*v(i). What is d(2)?
-7
Let i = 5 + -3. Let y(j) = -13 + 11 - 4*j + j**2 + 2*j + 4*j. Let k be y(i). Let x(r) = -r**3 + 7*r**2 - 7*r + 3. Give x(k).
-3
Let f(o) = 67*o + 3 + 74*o - 5*o**3 + 3*o**3 + 4*o**2 - 142*o. Let l(c) = c**2 - 7*c - 6. Let z be l(8). Suppose 4*t - 10 - z = 0. Give f(t).
-18
Let t(u) be the third derivative of u**5/60 + u**4/8 + 2*u**3/3 - 50*u**2. Let a(q) = -q**3 - 7*q**2 - 4*q + 6. Let r be a(-6). What is t(r)?
22
Let f(m) = -m**3 + 5*m**2 - 4*m - 4. Suppose 3739*s = 3729*s + 50. Give f(s).
-24
Let o = -69 + 65. Let p(h) = -6 - 5*h**2 - 2 + 9*h**2 + h**3 + 3. Calculate p(o).
-5
Let o(u) = -2*u - 16. Let c be o(-16). Let a(l) = -l + 12. Let b be a(c). Let h(t) = -2*t - 5. Let d(z) = 6*z + 16. Let s(q) = -4*d(q) - 14*h(q). What is s(b)?
-10
Let n(g) = 3*g**3 - 6*g**2 - 9*g + 2. Let u(h) = 17*h**3 - 29*h**2 - 45*h + 9. Let w(b) = 11*n(b) - 2*u(b). Determine w(-7).
18
Suppose 0 = -5*c - 4*l + 61, -5*l - 16 = -6*c + 2*c. Let k(m) = -c*m + m**3 + 0 + 10*m - 3*m**2 - 1 - 2*m**2. Determine k(5).
4
Suppose -z + x = 4, -5*x + 12 = 2*z - 2*x. Let v(a) = a**2 - a - 1. Let s(f) = -f**3 - 3*f**2 + 4*f + 3. Let k(c) = -s(c) - 3*v(c). Give k(z).
0
Let j be (-6)/(-8) - (-3)/(-4). Suppose j = -3*z + 2*z + 5. Let g(w) = 0*w + 9 - 2*w - 6*w - 21 + 9*w. Give g(z).
-7
Let p(z) = -12*z**2 + 4*z - 28. Let g(q) = -4*q**2 + q - 8. Let t(m) = 7*g(m) - 2*p(m). Determine t(-1).
-3
Let h = -1 + -5. Let t be (-206)/(-8) + -6 + 75/12. Let x(l) = -t*l + 57*l - 22*l + 7 + 2 + l**2. Give x(h).
-9
Let b(s) = -5*s**2 + 1. Suppose -22*n = -26*n + 4. What is b(n)?
-4
Let m(p) = 2*p - 4. Let a(b) = -5*b + 11. Let i(l) = 3*a(l) + 8*m(l). Let s(d) = 6*d**3 - 33*d**2 + 12*d + 20. Let z be s(5). Give i(z).
6
Let u(r) = r**3 + 3*r**2 + 3*r. Let a be (3/30*5)/((-1)/4). Let t = -6 + 8. Let n be ((-4)/a)/t*-3. What is u(n)?
-9
Let a(u) = -u**2 + 4*u - 5. Let w(n) = n**2 + 10*n + 24. Let t be w(-10). Suppose -2*f - 2*f + t = 0. Give a(f).
